{"id":23,"date":"2026-04-10T08:21:38","date_gmt":"2026-04-10T08:21:38","guid":{"rendered":"https:\/\/uu666u.com\/?page_id=23"},"modified":"2026-04-10T09:24:37","modified_gmt":"2026-04-10T09:24:37","slug":"trang-chu","status":"publish","type":"page","link":"https:\/\/uu666u.com\/","title":{"rendered":"Trang ch\u1ee7"},"content":{"rendered":"<div class=\"row row-collapse row-full-width\"  id=\"row-1822767359\">\n\n\t<div id=\"col-791231930\" class=\"col medium-4 large-4\"  >\n\t\t\t\t<div class=\"col-inner\"  >\n\t\t\t\n\t\t\t\n\t<div class=\"img has-hover x md-x lg-x y md-y lg-y\" id=\"image_288047912\">\n\t\t<a class=\"\" href=\"https:\/\/uu666u.com\/qc\/1\" target=\"_blank\" rel=\"noopener\">\t\t\t\t\t\t<div class=\"img-inner dark\" >\n\t\t\t<img loading=\"lazy\" decoding=\"async\" width=\"1020\" height=\"300\" src=\"https:\/\/uu666u.com\/wp-content\/uploads\/2026\/04\/uu888-napd.avif\" class=\"attachment-original size-original\" alt=\"uu666\" srcset=\"https:\/\/uu666u.com\/wp-content\/uploads\/2026\/04\/uu888-napd.avif 1020w, https:\/\/uu666u.com\/wp-content\/uploads\/2026\/04\/uu888-napd-300x88.avif 300w, https:\/\/uu666u.com\/wp-content\/uploads\/2026\/04\/uu888-napd-768x226.avif 768w\" sizes=\"auto, (max-width: 1020px) 100vw, 1020px\" \/>\t\t\t\t\t\t\n\t\t\t\t\t<\/div>\n\t\t\t\t\t\t<\/a>\t\t\n<style>\n#image_288047912 {\n  width: 100%;\n}\n<\/style>\n\t<\/div>\n\t\n\t\t<\/div>\n\t\t\t\t\t<\/div>\n\n\t\n\n\t<div id=\"col-1528585408\" class=\"col medium-4 large-4\"  >\n\t\t\t\t<div class=\"col-inner\"  >\n\t\t\t\n\t\t\t\n\t<div class=\"img has-hover x md-x lg-x y md-y lg-y\" id=\"image_1624938131\">\n\t\t<a class=\"\" href=\"https:\/\/uu666u.com\/qc\/1\" target=\"_blank\" rel=\"noopener\">\t\t\t\t\t\t<div class=\"img-inner dark\" >\n\t\t\t<img loading=\"lazy\" decoding=\"async\" width=\"1020\" height=\"300\" src=\"https:\/\/uu666u.com\/wp-content\/uploads\/2026\/04\/uu666-hvm.avif\" class=\"attachment-original size-original\" alt=\"uu666\" srcset=\"https:\/\/uu666u.com\/wp-content\/uploads\/2026\/04\/uu666-hvm.avif 1020w, https:\/\/uu666u.com\/wp-content\/uploads\/2026\/04\/uu666-hvm-300x88.avif 300w, https:\/\/uu666u.com\/wp-content\/uploads\/2026\/04\/uu666-hvm-768x226.avif 768w\" sizes=\"auto, (max-width: 1020px) 100vw, 1020px\" \/>\t\t\t\t\t\t\n\t\t\t\t\t<\/div>\n\t\t\t\t\t\t<\/a>\t\t\n<style>\n#image_1624938131 {\n  width: 100%;\n}\n<\/style>\n\t<\/div>\n\t\n\t\t<\/div>\n\t\t\t\t\t<\/div>\n\n\t\n\n\t<div id=\"col-2037778514\" class=\"col medium-4 large-4\"  >\n\t\t\t\t<div class=\"col-inner\"  >\n\t\t\t\n\t\t\t\n\t<div class=\"img has-hover x md-x lg-x y md-y lg-y\" id=\"image_203603233\">\n\t\t<a class=\"\" href=\"https:\/\/uu666u.com\/qc\/1\" target=\"_blank\" rel=\"noopener\">\t\t\t\t\t\t<div class=\"img-inner dark\" >\n\t\t\t<img loading=\"lazy\" decoding=\"async\" width=\"1020\" height=\"300\" src=\"https:\/\/uu666u.com\/wp-content\/uploads\/2026\/04\/uu666-vip.avif\" class=\"attachment-original size-original\" alt=\"uu666\" srcset=\"https:\/\/uu666u.com\/wp-content\/uploads\/2026\/04\/uu666-vip.avif 1020w, https:\/\/uu666u.com\/wp-content\/uploads\/2026\/04\/uu666-vip-300x88.avif 300w, https:\/\/uu666u.com\/wp-content\/uploads\/2026\/04\/uu666-vip-768x226.avif 768w\" sizes=\"auto, (max-width: 1020px) 100vw, 1020px\" \/>\t\t\t\t\t\t\n\t\t\t\t\t<\/div>\n\t\t\t\t\t\t<\/a>\t\t\n<style>\n#image_203603233 {\n  width: 100%;\n}\n<\/style>\n\t<\/div>\n\t\n\t\t<\/div>\n\t\t\t\t\t<\/div>\n\n\t\n<\/div>\n<div class=\"row\"  id=\"row-1596932393\">\n\n\t<div id=\"col-1209545612\" class=\"col small-12 large-12\"  >\n\t\t\t\t<div class=\"col-inner\"  >\n\t\t\t\n\t\t\t\n\t<div id=\"text-3972768025\" class=\"text\">\n\t\t\n<h1 style=\"text-align: center;\"><span style=\"color: #26a17c;\"><strong><span style=\"font-family: verdana, geneva, sans-serif;\"><span style=\"color: #26a17c;\"><a style=\"color: #26a17c;\" href=\"https:\/\/vvdwea.com\/\" target=\"_blank\" rel=\"noopener\">UU666U<\/a> <\/span>&#8211; S\u0103n Th\u01b0\u1edfng C\u1ef1c Kh\u1ee7ng, Nh\u1eadn Th\u01b0\u1edfng C\u1ef1c Ch\u1ea5t 2026<\/span><\/strong><\/span><\/h1>\n\t\t\n<style>\n#text-3972768025 {\n  color: rgb(0,0,0);\n}\n#text-3972768025 > * {\n  color: rgb(0,0,0);\n}\n<\/style>\n\t<\/div>\n\t\n\t\t<\/div>\n\t\t\t\t\t<\/div>\n\n\t\n<\/div>\n<div class=\"row row-collapse row-full-width\"  id=\"row-624008267\">\n\n\t<div id=\"col-258106163\" class=\"col medium-2 large-2\"  >\n\t\t\t\t<div class=\"col-inner text-center\"  >\n\t\t\t\n\t\t\t\n\t<div class=\"img has-hover x md-x lg-x y md-y lg-y\" id=\"image_342193323\">\n\t\t\t\t\t\t\t\t<div class=\"img-inner dark\" >\n\t\t\t<img loading=\"lazy\" decoding=\"async\" width=\"300\" height=\"400\" src=\"https:\/\/uu666u.com\/wp-content\/uploads\/2026\/04\/casino1.webp\" class=\"attachment-original size-original\" alt=\"uu666\" srcset=\"https:\/\/uu666u.com\/wp-content\/uploads\/2026\/04\/casino1.webp 300w, https:\/\/uu666u.com\/wp-content\/uploads\/2026\/04\/casino1-225x300.webp 225w\" sizes=\"auto, (max-width: 300px) 100vw, 300px\" \/>\t\t\t\t\t\t\n\t\t\t\t\t<\/div>\n\t\t\t\t\t\t\t\t\n<style>\n#image_342193323 {\n  width: 45%;\n}\n<\/style>\n\t<\/div>\n\t\n\t<div class=\"img has-hover x md-x lg-x y md-y lg-y\" id=\"image_805155383\">\n\t\t\t\t\t\t\t\t<div class=\"img-inner dark\" >\n\t\t\t<img loading=\"lazy\" decoding=\"async\" width=\"225\" height=\"300\" src=\"https:\/\/uu666u.com\/wp-content\/uploads\/2026\/04\/ban-ca-225x300-1.webp\" class=\"attachment-original size-original\" alt=\"uu666\" \/>\t\t\t\t\t\t\n\t\t\t\t\t<\/div>\n\t\t\t\t\t\t\t\t\n<style>\n#image_805155383 {\n  width: 45%;\n}\n<\/style>\n\t<\/div>\n\t\n\t<div class=\"img has-hover x md-x lg-x y md-y lg-y\" id=\"image_522000608\">\n\t\t\t\t\t\t\t\t<div class=\"img-inner dark\" >\n\t\t\t<img loading=\"lazy\" decoding=\"async\" width=\"225\" height=\"300\" src=\"https:\/\/uu666u.com\/wp-content\/uploads\/2026\/04\/no-hu-225x300-1.webp\" class=\"attachment-original size-original\" alt=\"uu666\" \/>\t\t\t\t\t\t\n\t\t\t\t\t<\/div>\n\t\t\t\t\t\t\t\t\n<style>\n#image_522000608 {\n  width: 45%;\n}\n<\/style>\n\t<\/div>\n\t\n\t\t<\/div>\n\t\t\t\t\t<\/div>\n\n\t\n\n\t<div id=\"col-1609866809\" class=\"col medium-8 large-8\"  >\n\t\t\t\t<div class=\"col-inner\"  >\n\t\t\t\n\t\t\t\n\t<div id=\"gap-741530725\" class=\"gap-element clearfix\" style=\"display:block; height:auto;\">\n\t\t\n<style>\n#gap-741530725 {\n  padding-top: 30px;\n}\n<\/style>\n\t<\/div>\n\t\n\t<div id=\"text-2549398800\" class=\"text\">\n\t\t\n<div class=\"Y3BBE\" data-sfc-cp=\"\" data-sfc-root=\"c\" data-sfc-cb=\"\" data-hveid=\"CAEIAxAA\" data-complete=\"true\" data-processed=\"true\"><span style=\"font-family: verdana, geneva, sans-serif;\"><strong class=\"Yjhzub\" data-sfc-root=\"c\" data-sfc-cb=\"\" data-complete=\"true\" data-processed=\"true\">UU666<\/strong>\u00a0t\u1ef1 h\u00e0o l\u00e0 n\u1ec1n t\u1ea3ng c\u00e1 c\u01b0\u1ee3c tr\u1ef1c tuy\u1ebfn \u0111\u1eb3ng c\u1ea5p qu\u1ed1c t\u1ebf, m\u1edf ra th\u1ebf gi\u1edbi gi\u1ea3i tr\u00ed th\u01b0\u1ee3ng l\u01b0u d\u00e0nh ri\u00eang cho nh\u1eefng tay ch\u01a1i th\u00edch &#8220;ch\u01a1i l\u1edbn \u2013 th\u1eafng \u0111\u1eadm&#8221;. T\u1ea1i \u0111\u00e2y, m\u1ecdi tr\u1ea3i nghi\u1ec7m \u0111\u1ec1u \u0111\u01b0\u1ee3c n\u00e2ng t\u1ea7m chuy\u00ean nghi\u1ec7p v\u1edbi h\u1ec7 th\u1ed1ng b\u1ea3o m\u1eadt t\u1ed1i t\u00e2n, giao di\u1ec7n m\u01b0\u1ee3t m\u00e0 v\u00e0 kho tr\u00f2 ch\u01a1i \u0111a d\u1ea1ng t\u1eeb Casino \u0111\u1ebfn Th\u1ec3 thao. Kh\u00f4ng ch\u1ec9 l\u00e0 m\u1ed9t nh\u00e0 c\u00e1i,\u00a0<strong class=\"Yjhzub\" data-sfc-root=\"c\" data-sfc-cb=\"\" data-complete=\"true\" data-processed=\"true\">Trang ch\u1ee7 UU666<\/strong>\u00a0l\u00e0 \u0111i\u1ec3m \u0111\u1ebfn an to\u00e0n v\u00e0 minh b\u1ea1ch, n\u01a1i b\u1ea3n l\u0129nh c\u1ee7a b\u1ea1n \u0111\u01b0\u1ee3c kh\u1eb3ng \u0111\u1ecbnh v\u00e0 m\u1ecdi c\u01a1 h\u1ed9i chi\u1ebfn th\u1eafng lu\u00f4n n\u1eb1m trong t\u1ea7m tay.<\/span><\/div>\n<div class=\"Y3BBE\" data-sfc-cp=\"\" data-sfc-root=\"c\" data-sfc-cb=\"\" data-hveid=\"CAEIBBAA\" data-complete=\"true\" data-processed=\"true\"><span style=\"font-family: verdana, geneva, sans-serif;\"><strong class=\"Yjhzub\" data-sfc-root=\"c\" data-sfc-cb=\"\" data-complete=\"true\" data-processed=\"true\">Tr\u1ea3i Nghi\u1ec7m M\u01b0\u1ee3t M\u00e0 Tr\u00ean M\u1ecdi Thi\u1ebft B\u1ecb<\/strong><\/span><\/div>\n<div class=\"Y3BBE\" data-sfc-cp=\"\" data-sfc-root=\"c\" data-sfc-cb=\"\" data-hveid=\"CAEIBRAA\" data-complete=\"true\" data-processed=\"true\"><span style=\"font-family: verdana, geneva, sans-serif;\">B\u1ea1n c\u00f3 th\u1ec3 truy c\u1eadp\u00a0<strong class=\"Yjhzub\" data-sfc-root=\"c\" data-sfc-cb=\"\" data-complete=\"true\" data-processed=\"true\">UU666<\/strong> nhanh ch\u00f3ng qua website ch\u00ednh th\u1ee9c ho\u1eb7c t\u1ea3i \u1ee9ng d\u1ee5ng di \u0111\u1ed9ng t\u01b0\u01a1ng th\u00edch ho\u00e0n h\u1ea3o v\u1edbi Smartphone, Tablet v\u00e0 M\u00e1y t\u00ednh c\u00e1 nh\u00e2n. H\u1ec7 th\u1ed1ng \u0111\u01b0\u1ee3c t\u1ed1i \u01b0u h\u00f3a \u0111\u1ec3 \u0111\u1ea3m b\u1ea3o t\u1ed1c \u0111\u1ed9 v\u1eadn h\u00e0nh m\u01b0\u1ee3t m\u00e0, ti\u1ec7n l\u1ee3i v\u00e0 tuy\u1ec7t \u0111\u1ed1i kh\u00f4ng gi\u1eadt lag, gi\u00fap b\u1ea1n t\u1eadn h\u01b0\u1edfng cu\u1ed9c vui b\u1ea5t k\u1ec3 th\u1eddi \u0111i\u1ec3m n\u00e0o trong ng\u00e0y.<\/span><\/div>\n<div class=\"Y3BBE\" data-sfc-cp=\"\" data-sfc-root=\"c\" data-sfc-cb=\"\" data-hveid=\"CAEIBhAA\" data-complete=\"true\" data-processed=\"true\"><span style=\"font-family: verdana, geneva, sans-serif;\"><strong class=\"Yjhzub\" data-sfc-root=\"c\" data-sfc-cb=\"\" data-complete=\"true\" data-processed=\"true\">Kho Tr\u00f2 Ch\u01a1i \u0110a D\u1ea1ng \u2013 Chinh Ph\u1ee5c M\u1ecdi \u0110\u1ec9nh Cao<\/strong><\/span><\/div>\n<div class=\"Y3BBE\" data-sfc-cp=\"\" data-sfc-root=\"c\" data-sfc-cb=\"\" data-hveid=\"CAEIBxAA\" data-complete=\"true\" data-processed=\"true\"><span style=\"font-family: verdana, geneva, sans-serif;\">H\u1ec7 th\u1ed1ng s\u1edf h\u1eefu danh m\u1ee5c tr\u00f2 ch\u01a1i si\u00eau phong ph\u00fa: t\u1eeb s\u1ea3nh c\u01b0\u1ee3c Th\u1ec3 thao s\u00f4i \u0111\u1ed9ng, Casino tr\u1ef1c tuy\u1ebfn sang tr\u1ecdng, \u0111\u1ebfn c\u00e1c t\u1ef1a game gi\u1ea3i tr\u00ed nh\u01b0 B\u1eafn c\u00e1, \u0110\u00e1 g\u00e0 \u0111\u1ea7y th\u1eed th\u00e1ch. D\u00f9 b\u1ea1n l\u00e0 t\u00e2n th\u1ee7 hay cao th\u1ee7 l\u00e2u n\u0103m,\u00a0<strong class=\"Yjhzub\" data-sfc-root=\"c\" data-sfc-cb=\"\" data-complete=\"true\" data-processed=\"true\">UU666<\/strong> lu\u00f4n c\u00f3 s\u1eb5n nh\u1eefng b\u00e0n ch\u01a1i ph\u00f9 h\u1ee3p v\u1edbi m\u1ee9c c\u01b0\u1ee3c linh ho\u1ea1t, gi\u00fap b\u1ea1n th\u1ecfa s\u1ee9c s\u0103n th\u01b0\u1edfng, &#8220;bung k\u00e8o&#8221; v\u00e0 chinh ph\u1ee5c nh\u1eefng c\u1ed9t m\u1ed1c may m\u1eafn m\u1edbi.<\/span><\/div>\n<div class=\"Y3BBE\" data-sfc-cp=\"\" data-sfc-root=\"c\" data-sfc-cb=\"\" data-hveid=\"CAEICBAA\" data-complete=\"true\" data-processed=\"true\"><span style=\"font-family: verdana, geneva, sans-serif;\"><strong class=\"Yjhzub\" data-sfc-root=\"c\" data-sfc-cb=\"\" data-complete=\"true\" data-processed=\"true\">D\u1ecbch V\u1ee5 Chuy\u00ean Nghi\u1ec7p &amp; Khuy\u1ebfn M\u00e3i B\u00f9ng N\u1ed5<\/strong><\/span><\/div>\n<div class=\"Y3BBE\" data-sfc-cp=\"\" data-sfc-root=\"c\" data-sfc-cb=\"\" data-hveid=\"CAEICRAA\" data-processed=\"true\" data-complete=\"true\"><span style=\"font-family: verdana, geneva, sans-serif;\">Nh\u00e0 c\u00e1i\u00a0<strong class=\"Yjhzub\" data-sfc-root=\"c\" data-sfc-cb=\"\" data-complete=\"true\" data-processed=\"true\">UU666<\/strong> n\u1ed5i b\u1eadt v\u1edbi d\u1ecbch v\u1ee5 h\u1ed7 tr\u1ee3 kh\u00e1ch h\u00e0ng 24\/7, s\u1eb5n s\u00e0ng gi\u1ea3i quy\u1ebft m\u1ecdi th\u1eafc m\u1eafc m\u1ed9t c\u00e1ch t\u1eadn t\u00e2m. \u0110\u1eb7c bi\u1ec7t, ng\u01b0\u1eddi ch\u01a1i m\u1edbi s\u1ebd nh\u1eadn \u0111\u01b0\u1ee3c lo\u1ea1t \u01b0u \u0111\u00e3i c\u1ef1c kh\u1ee7ng: Th\u01b0\u1edfng 100% gi\u00e1 tr\u1ecb n\u1ea1p \u0111\u1ea7u, ch\u00ednh s\u00e1ch ho\u00e0n ti\u1ec1n h\u1eb1ng ng\u00e0y, c\u00f9ng c\u01a1 h\u1ed9i nh\u1eadn Giftcode v\u00e0 qu\u00e0 t\u1eb7ng \u0111\u1ed9c quy\u1ec1n, mang l\u1ea1i kh\u1edfi \u0111\u1ea7u \u0111\u1ea7y h\u1ee9ng kh\u1edfi.<\/span><\/div>\n<div class=\"Y3BBE\" data-sfc-cp=\"\" data-sfc-root=\"c\" data-sfc-cb=\"\" data-hveid=\"CAEIChAA\" data-complete=\"true\" data-processed=\"true\"><span style=\"font-family: verdana, geneva, sans-serif;\"><strong class=\"Yjhzub\" data-sfc-root=\"c\" data-sfc-cb=\"\" data-complete=\"true\" data-processed=\"true\">Cam K\u1ebft Minh B\u1ea1ch &amp; An To\u00e0n Tuy\u1ec7t \u0110\u1ed1i<\/strong><\/span><\/div>\n<div class=\"Y3BBE\" data-sfc-cp=\"\" data-sfc-root=\"c\" data-sfc-cb=\"\" data-hveid=\"CAEICxAA\" data-complete=\"true\" data-processed=\"true\"><span style=\"font-family: verdana, geneva, sans-serif;\">T\u1ea1i\u00a0<strong class=\"Yjhzub\" data-sfc-root=\"c\" data-sfc-cb=\"\" data-complete=\"true\" data-processed=\"true\">UU666<\/strong>, m\u1ecdi k\u1ebft qu\u1ea3 \u0111\u1ec1u \u0111\u1ea3m b\u1ea3o t\u00ednh minh b\u1ea1ch v\u00e0 c\u00f4ng b\u1eb1ng. H\u1ec7 th\u1ed1ng v\u1eadn h\u00e0nh \u1ed5n \u0111\u1ecbnh, cam k\u1ebft kh\u00f4ng can thi\u1ec7p v\u00e0o k\u1ebft qu\u1ea3 tr\u00f2 ch\u01a1i. Quy tr\u00ecnh tr\u1ea3 th\u01b0\u1edfng \u0111\u01b0\u1ee3c th\u1ef1c hi\u1ec7n Nhanh \u2013 \u0110\u00fang \u2013 \u0110\u1ee7, b\u1ea3o m\u1eadt th\u00f4ng tin v\u00e0 an to\u00e0n tuy\u1ec7t \u0111\u1ed1i cho m\u1ecdi giao d\u1ecbch t\u00e0i ch\u00ednh c\u1ee7a kh\u00e1ch h\u00e0ng.<\/span><\/div>\n<div class=\"Y3BBE\" data-sfc-cp=\"\" data-sfc-root=\"c\" data-sfc-cb=\"\" data-hveid=\"CAEIDBAA\" data-complete=\"true\" data-processed=\"true\" aria-owns=\"action-menu-parent-container\"><span style=\"font-family: verdana, geneva, sans-serif;\">\ud83d\udc49\u00a0<strong class=\"Yjhzub\" data-sfc-root=\"c\" data-sfc-cb=\"\" data-complete=\"true\" data-processed=\"true\">Tr\u1ea3i nghi\u1ec7m ngay t\u1ea1i link ch\u00ednh th\u1ee9c:<\/strong> <span style=\"color: #26a17c;\"><a style=\"color: #26a17c;\" href=\"https:\/\/uu666u.com\/\"><strong>https:\/\/uu666u.com\/<\/strong><\/a><\/span> v\u00e0 nh\u1eadn ngay th\u01b0\u1edfng ch\u00e0o m\u1eebng l\u00ean \u0111\u1ebfn <strong>188K\u00a0<\/strong>khi \u0111\u0103ng k\u00fd l\u1ea7n \u0111\u1ea7u.<\/span><\/div>\n\t\t\n<style>\n#text-2549398800 {\n  color: rgb(0,0,0);\n}\n#text-2549398800 > * {\n  color: rgb(0,0,0);\n}\n<\/style>\n\t<\/div>\n\t\n\t<div id=\"gap-1461414614\" class=\"gap-element clearfix\" style=\"display:block; height:auto;\">\n\t\t\n<style>\n#gap-1461414614 {\n  padding-top: 30px;\n}\n<\/style>\n\t<\/div>\n\t\n<div class=\"row\"  id=\"row-1054032203\">\n\n\t<div id=\"col-265721085\" class=\"col medium-6 small-12 large-6\"  >\n\t\t\t\t<div class=\"col-inner\"  >\n\t\t\t\n\t\t\t\n\t<div id=\"text-532006745\" class=\"text\">\n\t\t\n<h2 style=\"text-align: center;\"><span style=\"font-family: verdana, geneva, sans-serif; color: #26a17c;\"><strong>T\u1ea3i <span style=\"color: #26a17c;\">app<\/span> uu666 \u00a0\u2013 M\u1edf Kh\u00f3a Th\u1ebf Gi\u1edbi Gi\u1ea3i Tr\u00ed Kh\u00f4ng Gi\u1edbi H\u1ea1n!<\/strong><\/span><\/h2>\n<ul>\n<li class=\"Y3BBE\" data-sfc-root=\"c\" data-hveid=\"CAEIAxAA\" data-complete=\"true\" data-processed=\"true\"><span style=\"font-family: verdana, geneva, sans-serif;\">Bi\u1ebfn chi\u1ebfc \u0111i\u1ec7n tho\u1ea1i c\u1ee7a b\u1ea1n th\u00e0nh m\u1ed9t s\u00f2ng b\u00e0i thu nh\u1ecf \u0111\u1eb3ng c\u1ea5p v\u1edbi \u1ee9ng d\u1ee5ng\u00a0<strong class=\"Yjhzub\" data-sfc-root=\"c\" data-sfc-cb=\"\" data-complete=\"true\" data-processed=\"true\">UU666<\/strong>\u00a0th\u1ebf h\u1ec7 m\u1edbi. Kh\u00f4ng c\u00f2n r\u00e0o c\u1ea3n v\u1ec1 kh\u00f4ng gian hay th\u1eddi gian, ch\u1ec9 v\u1edbi m\u1ed9t c\u00fa ch\u1ea1m, b\u1ea1n s\u1ebd ngay l\u1eadp t\u1ee9c h\u00f2a m\u00ecnh v\u00e0o nh\u1eefng s\u1ea3nh c\u01b0\u1ee3c Th\u1ec3 thao r\u1ef1c l\u1eeda hay nh\u1eefng v\u00f2ng quay N\u1ed5 h\u0169 ngh\u00ecn t\u1ef7 v\u1edbi t\u1ed1c \u0111\u1ed9 x\u1eed l\u00fd si\u00eau m\u01b0\u1ee3t.<\/span><\/li>\n<li class=\"Y3BBE\" data-sfc-root=\"c\" data-hveid=\"CAEIBBAA\" data-complete=\"true\" data-processed=\"true\" aria-owns=\"action-menu-parent-container\"><span style=\"font-family: verdana, geneva, sans-serif;\">\u0110\u01b0\u1ee3c thi\u1ebft k\u1ebf t\u1ed1i \u01b0u cho c\u1ea3 iOS v\u00e0 Android, App\u00a0<strong class=\"Yjhzub\" data-sfc-root=\"c\" data-sfc-cb=\"\" data-complete=\"true\" data-processed=\"true\">UU666<\/strong> kh\u00f4ng ch\u1ec9 mang l\u1ea1i s\u1ef1 an t\u00e2m tuy\u1ec7t \u0111\u1ed1i nh\u1edd h\u1ec7 th\u1ed1ng b\u1ea3o m\u1eadt \u0111a t\u1ea7ng, m\u00e0 c\u00f2n gi\u00fap m\u1ecdi thao t\u00e1c n\u1ea1p &#8211; r\u00fat ti\u1ec1n tr\u1edf n\u00ean \u0111\u01a1n gi\u1ea3n h\u01a1n bao gi\u1edd h\u1ebft. \u0110\u1eb7c bi\u1ec7t, m\u00f3n qu\u00e0 &#8220;ch\u00e0o s\u00e2n&#8221; <strong>188K\u00a0<\/strong>\u0111ang ch\u1edd \u0111\u1ee3i nh\u1eefng ch\u1ee7 nh\u00e2n m\u1edbi t\u1ea3i app v\u00e0 \u0111\u0103ng k\u00fd ngay h\u00f4m nay. \u0110\u1eebng b\u1ecf l\u1ee1 c\u01a1 h\u1ed9i l\u00e0m ch\u1ee7 cu\u1ed9c ch\u01a1i v\u00e0 s\u0103n th\u01b0\u1edfng m\u1ecdi l\u00fac m\u1ecdi n\u01a1i!<\/span><\/li>\n<\/ul>\n\t\t\n<style>\n#text-532006745 {\n  color: rgb(0,0,0);\n}\n#text-532006745 > * {\n  color: rgb(0,0,0);\n}\n<\/style>\n\t<\/div>\n\t\n<div class=\"row\"  id=\"row-769552929\">\n\n\t<div id=\"col-1908786221\" class=\"col medium-6 small-12 large-6\"  >\n\t\t\t\t<div class=\"col-inner text-center\"  >\n\t\t\t\n\t\t\t\n<a href=\"https:\/\/uu666u.com\/qc\/1\" target=\"_blank\" class=\"button primary button-88\" rel=\"noopener\" style=\"border-radius:46px;\">\n\t\t<span>T\u1ea3i app<\/span>\n\t<\/a>\n\n\t\t<\/div>\n\t\t\t\t\t<\/div>\n\n\t\n\n\t<div id=\"col-1100848723\" class=\"col medium-6 small-12 large-6\"  >\n\t\t\t\t<div class=\"col-inner text-center\"  >\n\t\t\t\n\t\t\t\n<a href=\"https:\/\/uu666u.com\/qc\/1\" target=\"_blank\" class=\"button primary button-88\" rel=\"noopener\" style=\"border-radius:99px;\">\n\t\t<span>Nh\u1eadn code<\/span>\n\t<\/a>\n\n\t\t<\/div>\n\t\t\t\t\t<\/div>\n\n\t\n<\/div>\n\t\t<\/div>\n\t\t\t\t\t<\/div>\n\n\t\n\n\t<div id=\"col-2070497475\" class=\"col medium-6 small-12 large-6\"  >\n\t\t\t\t<div class=\"col-inner\"  >\n\t\t\t\n\t\t\t\n\t<div class=\"img has-hover x md-x lg-x y md-y lg-y\" id=\"image_865402213\">\n\t\t\t\t\t\t\t\t<div class=\"img-inner image-zoom dark\" >\n\t\t\t<img loading=\"lazy\" decoding=\"async\" width=\"1125\" height=\"1080\" src=\"https:\/\/uu666u.com\/wp-content\/uploads\/2026\/04\/tai-uu666.png\" class=\"attachment-original size-original\" alt=\"uu666\" srcset=\"https:\/\/uu666u.com\/wp-content\/uploads\/2026\/04\/tai-uu666.png 1125w, https:\/\/uu666u.com\/wp-content\/uploads\/2026\/04\/tai-uu666-300x288.png 300w, https:\/\/uu666u.com\/wp-content\/uploads\/2026\/04\/tai-uu666-1024x983.png 1024w, https:\/\/uu666u.com\/wp-content\/uploads\/2026\/04\/tai-uu666-768x737.png 768w\" sizes=\"auto, (max-width: 1125px) 100vw, 1125px\" \/>\t\t\t\t\t\t\n\t\t\t\t\t<\/div>\n\t\t\t\t\t\t\t\t\n<style>\n#image_865402213 {\n  width: 100%;\n}\n<\/style>\n\t<\/div>\n\t\n\t\t<\/div>\n\t\t\t\t\t<\/div>\n\n\t\n<\/div>\n<div class=\"container section-title-container\" ><h2 class=\"section-title section-title-normal\"><b><\/b><span class=\"section-title-main\" style=\"color:#26a17c;\">H\u01b0\u1edbng d\u1eabn tham gia s\u1ea3nh game uu666<\/span><b><\/b><\/h2><\/div>\n<div class=\"row\"  id=\"row-1970240397\">\n\n\t<div id=\"col-1575841276\" class=\"col medium-3 small-6 large-3\"  >\n\t\t\t\t<div class=\"col-inner\"  >\n\t\t\t\n\t\t\t\n\t<div class=\"img has-hover x md-x lg-x y md-y lg-y\" id=\"image_2108894287\">\n\t\t<a class=\"\" href=\"https:\/\/uu666u.com\/qc\/1\" target=\"_blank\" rel=\"noopener\">\t\t\t\t\t\t<div class=\"img-inner dark\" >\n\t\t\t<img loading=\"lazy\" decoding=\"async\" width=\"400\" height=\"200\" src=\"https:\/\/uu666u.com\/wp-content\/uploads\/2026\/04\/dang-ky_gif4.gif\" class=\"attachment-original size-original\" alt=\"uu666\" \/>\t\t\t\t\t\t\n\t\t\t\t\t<\/div>\n\t\t\t\t\t\t<\/a>\t\t\n<style>\n#image_2108894287 {\n  width: 100%;\n}\n<\/style>\n\t<\/div>\n\t\n\t\t<\/div>\n\t\t\t\t\t<\/div>\n\n\t\n\n\t<div id=\"col-221967591\" class=\"col medium-3 small-6 large-3\"  >\n\t\t\t\t<div class=\"col-inner\"  >\n\t\t\t\n\t\t\t\n\t<div class=\"img has-hover x md-x lg-x y md-y lg-y\" id=\"image_517889744\">\n\t\t<a class=\"\" href=\"https:\/\/uu666u.com\/qc\/1\" target=\"_blank\" rel=\"noopener\">\t\t\t\t\t\t<div class=\"img-inner dark\" >\n\t\t\t<img loading=\"lazy\" decoding=\"async\" width=\"400\" height=\"200\" src=\"https:\/\/uu666u.com\/wp-content\/uploads\/2026\/04\/tai-app_gif1.gif\" class=\"attachment-original size-original\" alt=\"uu666\" \/>\t\t\t\t\t\t\n\t\t\t\t\t<\/div>\n\t\t\t\t\t\t<\/a>\t\t\n<style>\n#image_517889744 {\n  width: 100%;\n}\n<\/style>\n\t<\/div>\n\t\n\t\t<\/div>\n\t\t\t\t\t<\/div>\n\n\t\n\n\t<div id=\"col-94155699\" class=\"col medium-3 small-6 large-3\"  >\n\t\t\t\t<div class=\"col-inner\"  >\n\t\t\t\n\t\t\t\n\t<div class=\"img has-hover x md-x lg-x y md-y lg-y\" id=\"image_860216553\">\n\t\t<a class=\"\" href=\"https:\/\/uu666u.com\/qc\/1\" target=\"_blank\" rel=\"noopener\">\t\t\t\t\t\t<div class=\"img-inner dark\" >\n\t\t\t<img loading=\"lazy\" decoding=\"async\" width=\"400\" height=\"200\" src=\"https:\/\/uu666u.com\/wp-content\/uploads\/2026\/04\/nap-tien_gif2.gif\" class=\"attachment-original size-original\" alt=\"uu666\" \/>\t\t\t\t\t\t\n\t\t\t\t\t<\/div>\n\t\t\t\t\t\t<\/a>\t\t\n<style>\n#image_860216553 {\n  width: 100%;\n}\n<\/style>\n\t<\/div>\n\t\n\t\t<\/div>\n\t\t\t\t\t<\/div>\n\n\t\n\n\t<div id=\"col-471459909\" class=\"col medium-3 small-6 large-3\"  >\n\t\t\t\t<div class=\"col-inner\"  >\n\t\t\t\n\t\t\t\n\t<div class=\"img has-hover x md-x lg-x y md-y lg-y\" id=\"image_114584000\">\n\t\t<a class=\"\" href=\"https:\/\/uu666u.com\/qc\/1\" target=\"_blank\" rel=\"noopener\">\t\t\t\t\t\t<div class=\"img-inner dark\" >\n\t\t\t<img loading=\"lazy\" decoding=\"async\" width=\"400\" height=\"200\" src=\"https:\/\/uu666u.com\/wp-content\/uploads\/2026\/04\/rut-tien_gif3.gif\" class=\"attachment-original size-original\" alt=\"uu666\" \/>\t\t\t\t\t\t\n\t\t\t\t\t<\/div>\n\t\t\t\t\t\t<\/a>\t\t\n<style>\n#image_114584000 {\n  width: 100%;\n}\n<\/style>\n\t<\/div>\n\t\n\t\t<\/div>\n\t\t\t\t\t<\/div>\n\n\t\n<\/div>\n\t\t<\/div>\n\t\t\t\t\t<\/div>\n\n\t\n\n\t<div id=\"col-1419288072\" class=\"col medium-2 large-2\"  >\n\t\t\t\t<div class=\"col-inner text-center\"  >\n\t\t\t\n\t\t\t\n\t<div class=\"img has-hover x md-x lg-x y md-y lg-y\" id=\"image_340295107\">\n\t\t\t\t\t\t\t\t<div class=\"img-inner dark\" >\n\t\t\t<img loading=\"lazy\" decoding=\"async\" width=\"300\" height=\"400\" src=\"https:\/\/uu666u.com\/wp-content\/uploads\/2026\/04\/the-thao.webp\" class=\"attachment-original size-original\" alt=\"uu666\" srcset=\"https:\/\/uu666u.com\/wp-content\/uploads\/2026\/04\/the-thao.webp 300w, https:\/\/uu666u.com\/wp-content\/uploads\/2026\/04\/the-thao-225x300.webp 225w\" sizes=\"auto, (max-width: 300px) 100vw, 300px\" \/>\t\t\t\t\t\t\n\t\t\t\t\t<\/div>\n\t\t\t\t\t\t\t\t\n<style>\n#image_340295107 {\n  width: 45%;\n}\n<\/style>\n\t<\/div>\n\t\n\t<div class=\"img has-hover x md-x lg-x y md-y lg-y\" id=\"image_369051425\">\n\t\t\t\t\t\t\t\t<div class=\"img-inner dark\" >\n\t\t\t<img loading=\"lazy\" decoding=\"async\" width=\"225\" height=\"300\" src=\"https:\/\/uu666u.com\/wp-content\/uploads\/2026\/04\/game-bai-225x300-1.webp\" class=\"attachment-original size-original\" alt=\"uu666\" \/>\t\t\t\t\t\t\n\t\t\t\t\t<\/div>\n\t\t\t\t\t\t\t\t\n<style>\n#image_369051425 {\n  width: 45%;\n}\n<\/style>\n\t<\/div>\n\t\n\t<div class=\"img has-hover x md-x lg-x y md-y lg-y\" id=\"image_1440277187\">\n\t\t\t\t\t\t\t\t<div class=\"img-inner dark\" >\n\t\t\t<img loading=\"lazy\" decoding=\"async\" width=\"225\" height=\"300\" src=\"https:\/\/uu666u.com\/wp-content\/uploads\/2026\/04\/da-ga-225x300-1.webp\" class=\"attachment-original size-original\" alt=\"uu666\" \/>\t\t\t\t\t\t\n\t\t\t\t\t<\/div>\n\t\t\t\t\t\t\t\t\n<style>\n#image_1440277187 {\n  width: 45%;\n}\n<\/style>\n\t<\/div>\n\t\n\t\t<\/div>\n\t\t\t\t\t<\/div>\n\n\t\n<\/div>\n","protected":false},"excerpt":{"rendered":"","protected":false},"author":1,"featured_media":6,"parent":0,"menu_order":0,"comment_status":"closed","ping_status":"closed","template":"","meta":{"footnotes":""},"class_list":["post-23","page","type-page","status-publish","has-post-thumbnail","hentry"],"_links":{"self":[{"href":"https:\/\/uu666u.com\/index.php?rest_route=\/wp\/v2\/pages\/23","targetHints":{"allow":["GET"]}}],"collection":[{"href":"https:\/\/uu666u.com\/index.php?rest_route=\/wp\/v2\/pages"}],"about":[{"href":"https:\/\/uu666u.com\/index.php?rest_route=\/wp\/v2\/types\/page"}],"author":[{"embeddable":true,"href":"https:\/\/uu666u.com\/index.php?rest_route=\/wp\/v2\/users\/1"}],"replies":[{"embeddable":true,"href":"https:\/\/uu666u.com\/index.php?rest_route=%2Fwp%2Fv2%2Fcomments&post=23"}],"version-history":[{"count":16,"href":"https:\/\/uu666u.com\/index.php?rest_route=\/wp\/v2\/pages\/23\/revisions"}],"predecessor-version":[{"id":75,"href":"https:\/\/uu666u.com\/index.php?rest_route=\/wp\/v2\/pages\/23\/revisions\/75"}],"wp:featuredmedia":[{"embeddable":true,"href":"https:\/\/uu666u.com\/index.php?rest_route=\/wp\/v2\/media\/6"}],"wp:attachment":[{"href":"https:\/\/uu666u.com\/index.php?rest_route=%2Fwp%2Fv2%2Fmedia&parent=23"}],"curies":[{"name":"wp","href":"https:\/\/api.w.org\/{rel}","templated":true}]}}